+ (-116 - -125) + (0 - (5 + 0)) - 15?
-31
What is the value of -4 - -4 - (-7 - (-3 - -12) - -47)?
-31
What is the value of (-42 - (-44 + -2)) + 3?
7
Evaluate (257 + -112 - 149) + (-1 + 56 - 0).
51
What is the value of -3792 - -3809 - (-51 + 1 + -1)?
68
Calculate 2 - (19 + (13 - (-12 + 51 + -12))).
-3
Evaluate (-13 - 24) + 5 - ((6 - -14) + -19).
-33
What is -5 + (-14 - -32 - 29) - 42?
-58
Calculate 8 + -38 + -13 + 2 + (-17 - -4).
-54
Calculate (-13 + (25 - 14) - 12) + 27 + 7.
20
What is the value of 100 + -26 + (-84 - 11)?
-21
Evaluate (1 - -3 - (-4 - (1 + 7 + -7))) + -41.
-32
What is 0 + 59 - ((1 - (15 + (27 - 22))) + 29)?
49
What is the value of (-50 - (3 - (-24 + 9 - -21))) + 0?
-47
Evaluate -48 - -32 - ((-1 - 2) + 8).
-21
What is 168 + (63 - 150) - 83?
-2
What is the value of 50 + 6 + -8 + 4 + 0?
52
What is (3 - 2 - 46) + (16 - (-35 + 56))?
-50
What is -93 - (95 + -139 - -21)?
-70
Evaluate 55 + -4 - (0 - (1 - 1)) - (10504 - 10501).
48
Calculate 4 + -1 + (48 - 28) + -12 - 17.
-6
(-73 + 79 - (-12 + 5)) + -93
-80
What is the value of 3 - -3 - (12 + -6) - (-16 + (-11 - -5))?
22
What is the value of (-76 + 67 - 58) + 31?
-36
Evaluate -13 - (-116 + (120 - 68)).
51
What is (5 - (-85 - (-8 + 2 + 2))) + -9 + 9?
86
What is the value of -41283 + 41302 - (4 - 2 - ((1 - 2) + 10))?
26
62 + -2 - (106 + -88 + -21 + -1 - -11)
53
Evaluate -11 - (1 + 12) - (2 - 4 - 6).
-16
Calculate -101 - ((1 - -9) + 4 + 5 + -23).
-97
What is 28 - -1 - (3996 + -4066)?
99
-4 - 14 - ((-158 + 13 - 11) + 7)
131
Calculate -65 + 136 + -50 + (-2 - -24).
43
What is the value of (8 - 44 - -85) + -26?
23
94 + (-23 - -69) + -70 + 20
90
98 - 24 - -13 - 62
25
What is (7 - -23) + 402 + -362?
70
(-2 - (-7 - 50)) + (-3 - -10) + (17 - 17)
62
What is 3 + 4 - (795 + -749)?
-39
What is 182 + -91 - (1 - -5) - (7 + -6 + 9)?
75
Calculate 4 + -4 + 3 - 6 - (991 + -1001).
7
Calculate 42 - (42 - 28) - 10.
18
Calculate (-26 - -2) + (276 - 247) + -57.
-52
What is the value of (416 - 508) + (9 - (-1 + -7))?
-75
What is 8 + (-11 - -23) + 7 + (-6 - (-2 - -3))?
20
What is the value of 27 + (-4 - -5 - 22) - -6?
12
Evaluate 507 + -533 + 0 + 81.
55
What is (259 + -448 - -202) + 0 + 45?
58
Evaluate (-19 - -8) + -11 + 7 + -45.
-60
Calculate -1 + 2 + (-23 - -52) + -22 - (2 + 4).
2
Calculate (-31 - 5) + 4 - -39 - (-1 - 1).
9
Evaluate -41 - -20 - (-24 - 2) - -40.
45
What is the value of 37 + -35 + 46 - 4?
44
Evaluate -67 + -44 + 115 + (1 - 10) + 39.
34
Calculate 4 + 15 + -1 - (-72 + 59).
31
5 - (14 + (13 - 63))
41
What is the value of 89 + -28 + -47 + -4 + -60?
-50
What is 72 + -82 + 14 + 51?
55
(-7 + 59 - 11) + (-3 - 9)
29
Evaluate 41 + (-15 - -6) + 52.
84
What is the value of (-324 - -332) + (-4 - 4 - -22) + -6?
16
Evaluate (-27 - (-37 + 18 - -12)) + 21.
1
Evaluate -1 + -8 - (25 + 122 + -191).
35
What is the value of (24 - (24 - -72)) + 171?
99
Calculate 34 + 33 + -82 + 3 + -9 + 4 + 68.
51
Evaluate 65 - (-11 - -84) - (1 + (-1 - 1)).
-7
What is 21 + 10 + (-13 - (9 + 8))?
1
What is the value of -71 - (78 + (-107 - 18))?
-24
45 + 17 + -10 + -25
27
Calculate 46 + (7 - (-41 - (-6 + -23))).
65
What is (4 + 8 - -6) + 1129 + -1136?
11
Evaluate (-4 - -22) + (-13 - (43 + -8 + -91)).
61
What is the value of 27 + -31 + -59 + 98?
35
What is the value of 1 + 111 - (-70 - -291)?
-109
Calculate -7 - 3 - 2 - ((33 - 55) + 47 - 38).
1
-2 + 11 - (-3 + 6) - 13
-7
Evaluate -3 + -6 + 20 + 2 + 5 + -62.
-44
Evaluate 0 + (12 - (9 - (1 + 0))) + -47.
-43
What is 18 + 0 + -18 + 35 + -18 + 0?
17
What is (-9 - 0) + (-19 - (181 - 146))?
-63
What is the value of (0 - -16) + (18 - -74 - 108) + 91?
91
Calculate (2211 - 2200) + 0 + -1 + -34.
-24
What is -83 + 64 + -68 + 47?
-40
What is the value of (-27 + 50 - 19) + 17?
21
Calculate (25 - 10) + 0 + -1 + -50 + -14.
-50
What is -2 + 14 - (18 - 42 - -9 - 11)?
38
Calculate 6 + (-44 - (20 - 19)).
-39
Calculate (-13 + 27 - 5) + 0 + 11.
20
What is 1836 + -1870 - (-2 - -10)?
-42
What is -72 + 1 + 52 + (231 - 261)?
-49
What is the value of 33 + (2 - -2 - (-204 - -162))?
79
What is the value of (-1 - 0) + -10 + 17 + 2?
8
Evaluate (10534 - 10516) + -55 + -2.
-39
What is the value of 52 + 2 + 4 + -26 - 20?
12
Evaluate (-19 + 40 - -21) + -114.
-72
What is the value of -3 - -5 - (4 + 46 - (0 - 1))?
-49
What is the value of (3 + -2 - 30) + (25 - (-18 + 35))?
-21
What is 9 + (-1 - -1) + 1 - (-2671 + 2670) - -48?
59
Evaluate (11 - 3) + -21 + (22 + -13 - 0).
-4
What is the value of (0 - -4) + -6 + -3 - (-3 + -5 - -10)?
-7
Evaluate 0 + -3 + (-8 - (-11 - 0)) + 4 - 4.
0
Evaluate 2 - 6 - (-16 - (-12 - -3) - 34).
37
Calculate 32 + (-70 - -27 - -6).
-5
Evaluate 6 - ((128 - 123) + (7 - (2 + 0))).
-4
What is the value of (2 - 2 - (5 - -4)) + -15?
-24
Calculate (-7 - -10) + (-48 - -20) + 21 + (-8 - -2).
-10
39 + -21 + (-17 + 50 - 4) + 13
60
(118 - (204 + -104)) + (1 - (-4 + 2)) + -10
11
What is the value of (2 - (14 + -39)) + -101 + 7?
-67
What is 8 + (18 - 40) - 0 - (-13 - 0)?
-1
Evaluate (-6 - 1 - (176 + -196)) + 17 + 0.
30
Evaluate -6 + (0 - (-7 + -17 + 9)).
9
(99 - 37) + -51 + 19
30
What is (19 - 16) + 26 - (-47 - -7)?
69
What is the value of -152 + 73 + 1 + 5?
-73
What is 12 + -18 + 4 + -3 + 7 + -19?
-17
Evaluate -25 + (-6 - -14) - (4 - 17).
-4
-81 + -4 + 817 + -790
-58
Evaluate 237 - 497 - -269 - (-2 + 1 - -2 - 9).
17
(-110 + -72 - -85) + 10
-87
Calculate (17 + -43 + -5 - -15) + 58.
42
Evaluate -2 + (40 - 2) - (1894 - 1931).
73
Evaluate -56 + 25 + (54 - 15) + -13.
-5
Calculate 16 + 7 + -21 + 2 + -2 + 20.
22
What is -1 + -7 + (0 - 3 - 21) + (-946 - -1049)?
71
What is the value of (9 + -8 - 13) + 0 - (121 + -10 - 4)?
-119
Evaluate -13 - (-132 + 54) - (-6 - -21).
50
Evaluate 39 + -23 - 24 - -17 - -40.
49
What is the value of -18 + 22 + (3 - (-4 - -8)) + 21 + -17?
7
What is the value of (18 - (-8 + 20)) + (-7 - (10 + -7))?
-4
(88 - (10 - 6)) + -5 - (8 + -18 + 2)
87
Evaluate -2 - ((6 - (1 - -59)) + (21 + -10 - 13)).
54
Calculate -61 + ((0 - -8) + 3 - 19) - (17 + -17).
-69
What is the value of (-27 - (-30 + 19 - 1)) + 4 + -6?
-17
Calculate (6 - -9) + (-55 - (-6 + 32)).
-66
What is 25 + -1 + -6 + -12 + -6 - (1 + -69)?
68
What is the value of 8 + -7 - -13 - (-35 + 22)?
27
Calculate 18 - ((-3 - 16 - -4) + -14 + -49).
96
(2329 - 2368) + (0 + -4 - -148)
105
41 + -5 + -728 + 676
-16
Evaluate -5494 + 5529 + 26 + 2.
63
What is 40 + -89 + 3 - -75?
29
-2872 + 2898 + -7 + -6 + 2 + 2
17
Calculate (14 - -4) + 2 - (139 + -83 - -30).
-66
23 - (-9 - -96 - 77)
13
What is the value of -13 + -101 + 125 + (2 - 57)?
-44
0 - 8 - (79 - (45 - 9 - 34)) - 14
-99
What is the value of 6 - (83 + 2 - -2 - (-267 + 286))?
-62
Evaluate 55 + -27 + -32 + (6 - -42).
44
0 - -1 - (533 + -504 + (-19 - -1) + -38)
28
(-54 + 22 - -52) + -20 - (1 - 42)
41
Calculate 7 + (56 - -46 - 99).
10
Evaluate (37 - 12 - 24) + (-47 - 1) + 0.
-47
What is 25 + (125 + -97 - (32 + 7))?
14
What is the value of (2 - 2) + -6 + (31 - -13) - 4?
34
3 + 0 + -27 - (-35 + 25)
-14
What is (0 - (20 + 1)) + (-76 + 43 - -98)?
44
What is 44 + -71 + 117 + -46?
44
What is 17 - 20 - (-3 - -15)?
-15
What is the value of -50 + 38 + (22 - 56)?
-46
Calculate (0 - (3 - 3)) + (77 - 77) + -63.
-63
Evaluate 13 - (170 + -180 + (5 - 0)) - -10.
28
What is the value of 66 - (67 - (35 - 11))?
23
What is the value of (-29 - (27 - 45) - 22) + -14?
-47
43 - ((81 - 85) + (1 + 2 - 5))
49
46 - (-160 - -189) - ((2 - 3) + -18)
36
What is -7 + 13 + (19 - 5) + 1?
21
Calculate -8 + (7 + -2 - -7 - 20) + -3 + 119.
100
Calculate -3 - 3 - -43 - (11 - (10 + -13 + 17)).
40
What is the value of 8 + 9 + (-14 - -37) + (5 - -1)?
46
Calculate (-3 - (-23 - 41 - -29)) + 1 + 0.
33
What is -15 - (29 + -14) - -1?
-29
What is 10 + -5 + 2 + 7 + (12 - 77)?
-51
Evaluate (-1288 - -1238) + 91 + -2.
39
Calculate -10 - ((24 - 21) + -5 - -47).
-55
What is -1 + 45 - ((23 - 70) + 56)?
35
(3 - 1 - (-2 + 22 + -13 + -2)) + -5
-8
What is (7 + -14 - 0) + 13 + -46?
-40
Evaluate (3 - 4) + 54 + (-2373 - -2388).
68
Evaluate -37 - (112 + -31) - -99.
-19
-2 + -1 + -6 - -3 - -4
-2
What is the value of (-3 - -2 - (-37 + 13 - 5)) + -10?
18
What is the value of -30 + (-16 - -38) - ((-1 - -42) + 0 + -3)?
-46
Calculate 67 + -77 - ((-21 - (-21 - -11)) + 3).
-2
What is the value of 1 + (-5 - -11) + (248 - 242) + -131?
-118
Evaluate 43 + (57 + -33 + -8 - (11 - 2) -